What is -21023313 (base 4) in base 12?
-19933
Convert -11100010110001 (base 2) to base 10.
-14513
What is 535 (base 8) in base 10?
349
629 (base 11) to base 14
3c1
28703 (base 9) to base 7
110631
What is 15798 (base 10) in base 11?
10962
Convert 50e1 (base 16) to base 14.
778d
-67699 (base 10) to base 9
-112771
-1220201100 (base 3) to base 12
-19999
What is -11 (base 11) in base 7?
-15
-1000011011000010 (base 2) to base 6
-423414
What is -1002101110 (base 3) in base 2?
-101001110101111
What is -3792 (base 13) in base 3?
-101211100
Convert -1947 (base 10) to base 15.
-89c
Convert -415 (base 12) to base 6.
-2425
Convert 4930 (base 10) to base 15.
16da
What is 10100110001111 (base 2) in base 9?
15531
-5a4 (base 15) to base 14
-675
What is 101100011 (base 2) in base 13?
214
2102121 (base 3) to base 7
5110
-201102 (base 3) to base 10
-524
-307 (base 13) to base 2
-1000000010
Convert -26100 (base 8) to base 13.
-5205
Convert -111112 (base 3) to base 14.
-1c1
-881 (base 13) to base 4
-112301
What is 2155 (base 6) in base 12?
35b
767 (base 14) to base 16
5b7
34b (base 15) to base 2
1011101010
What is 22635 (base 7) in base 10?
5808
-221121 (base 5) to base 6
-55245
Convert -2551 (base 6) to base 13.
-3a6
What is -51 (base 10) in base 7?
-102
565 (base 9) to base 11
392
-13204 (base 5) to base 16
-41e
Convert 7147 (base 11) to base 15.
2c29
What is 1260 (base 16) in base 4?
1021200
308 (base 11) to base 9
452
What is -304012 (base 6) in base 4?
-11322020
-302003 (base 4) to base 5
-100303
350 (base 10) to base 9
428
What is 31421 (base 5) in base 8?
4077
What is 23d (base 14) in base 16?
1bf
-110303 (base 4) to base 13
-7b5
Convert 6242 (base 9) to base 2.
1000111011110
-331 (base 8) to base 2
-11011001
What is 42242 (base 8) in base 5?
1030240
-120422 (base 5) to base 10
-4487
-1408 (base 11) to base 7
-5213
What is -1122 (base 5) in base 12?
-116
-1205 (base 6) to base 10
-293
-c62 (base 13) to base 10
-2108
What is 995 (base 16) in base 13?
1169
-b67 (base 15) to base 5
-40242
Convert 7623 (base 13) to base 14.
5db0
-11121 (base 3) to base 16
-7c
What is -10160 (base 7) in base 15?
-b12
3352 (base 8) to base 12
1036
-142b (base 12) to base 3
-10012122
What is -128b (base 12) in base 13?
-c74
Convert -55e (base 16) to base 3.
-1212220
-aa (base 11) to base 10
-120
b4a (base 15) to base 16
9f1
Convert -112112 (base 4) to base 11.
-1090
-3da (base 14) to base 5
-11110
Convert 100000010000100 (base 2) to base 4.
10002010
99b (base 12) to base 9
1842
What is 1110010 (base 2) in base 16?
72
Convert 883 (base 13) to base 5.
21314
-d7a0 (base 15) to base 16
-b220
44404 (base 5) to base 8
6040
Convert 1a78 (base 14) to base 3.
20121011
What is -43331 (base 7) in base 10?
-10802
What is -111100000001 (base 2) in base 12?
-2281
Convert 2765 (base 15) to base 11.
6365
What is -259 (base 10) in base 4?
-10003
Convert 23222 (base 5) to base 14.
887
-20203323 (base 4) to base 14
-cacb
-370 (base 11) to base 9
-538
What is -1010111010 (base 2) in base 11?
-585
-3234132 (base 5) to base 16
-d8f6
Convert 277 (base 12) to base 16.
17b
Convert -3166 (base 12) to base 15.
-1906
-1804 (base 11) to base 8
-4377
What is 2525 (base 13) in base 11?
3a61
Convert 1220010002 (base 3) to base 15.
b092
Convert -11248 (base 10) to base 4.
-2233300
-404110 (base 5) to base 11
-9876
Convert 1000 (base 5) to base 8.
175
Convert 204 (base 12) to base 9.
354
Convert -33220 (base 6) to base 12.
-2810
36242 (base 9) to base 10
24257
Convert -445 (base 11) to base 13.
-320
Convert -574 (base 8) to base 3.
-112002
Convert -103521 (base 7) to base 6.
-215440
-10036 (base 7) to base 8
-4574
What is 12623 (base 9) in base 7?
33600
Convert 1030331 (base 4) to base 13.
231b
What is 6a31 (base 14) in base 16?
4823
10083 (base 12) to base 9
31520
Convert -1001011110 (base 2) to base 12.
-426
22022 (base 8) to base 12
5416
Convert -305b3 (base 12) to base 16.
-f657
Convert -710 (base 8) to base 5.
-3311
-155 (base 7) to base 2
-1011001
What is 58b7 (base 12) in base 4?
2123023
What is 1589c (base 14) in base 13?
1b679
-2a6 (base 14) to base 2
-1000011010
What is -2852 (base 15) in base 12?
-4bab
Convert 3013212 (base 4) to base 13.
5a78
Convert 36641 (base 8) to base 3.
210122100
1010012022 (base 3) to base 12
108a5
10001 (base 3) to base 12
6a
Convert -100110100101 (base 2) to base 4.
-212211
What is -29b (base 13) in base 11?
-394
c22 (base 16) to base 5
44411
Convert -11001100 (base 4) to base 13.
-9487
Convert -24089 (base 11) to base 12.
-180bb
-332 (base 6) to base 2
-10000000
Convert -1767 (base 9) to base 2.
-10101001101
What is 41132 (base 5) in base 13?
12a2
Convert -15356 (base 12) to base 16.
-74b2
What is -3a20 (base 12) in base 11?
-4aa4
887 (base 11) to base 12
747
Convert 1357 (base 8) to base 3.
1000211
Convert -11031 (base 4) to base 13.
-1c8
What is -5033 (base 6) in base 5?
-13401
What is 121022010 (base 3) in base 9?
17263
523 (base 6) to base 10
195
What is -44820 (base 10) in base 13?
-17529
Convert 102020 (base 3) to base 11.
256
Convert 1754 (base 8) to base 12.
6b8
Convert 3774 (base 8) to base 10.
2044
What is -1221021211 (base 3) in base 13?
-14473
32724 (base 9) to base 13
9b77
Convert 202211000 (base 3) to base 4.
3231012
What is -10605 (base 7) in base 11?
-2035
Convert -27d (base 16) to base 8.
-1175
-133ba (base 12) to base 14
-9926
Convert -101442 (base 5) to base 16.
-d2c
-2b5 (base 14) to base 16
-227
420 (base 14) to base 11
679
-1032044 (base 5) to base 9
-26338
Convert -1880 (base 15) to base 10.
-5295
-213211 (base 4) to base 2
-100111100101
Convert -63301 (base 7) to base 8.
-36337
147271 (base 8) to base 3
2200121001
What is -555402 (base 6) in base 3?
-2100220102
-197a (base 14) to base 3
-20022222
Convert 1840c (base 13) to base 8.
133351
1012 (base 4) to base 13
55
What is 15503 (base 11) in base 16?
5590
24988 (base 12) to base 10
49784
-47695 (base 10) to base 7
-256024
Convert -212210 (base 3) to base 13.
-3a5
-5166 (base 7) to base 10
-1812
Convert -228 (base 14) to base 5.
-3203
What is 2021220002 (base 3) in base 7?
245354
25 (base 11) to base 14
1d
65671 (base 8) to base 13
c724
-273 (base 12) to base 8
-567
What is 176a (base 12) in base 14?
1054
-1001110011101 (base 2) to base 13
-2393
-425 (base 12) to base 2
-1001011101
What is -5033 (base 6) in base 9?
-1453
-10000000011100 (base 2) to base 4
-2000130
Convert -7173 (base 9) to base 2.
-1010010000010
563 (base 13) to base 16
39e
388 (base 9) to base 11
274
Convert -1478 (base 9) to base 15.
-4ee
20022 (base 5) to base 11
a48
Convert -ab7b (base 14) to base 16.
-7409
Convert 446 (base 14) to base 13.
501
-64241 (base 7) to base 16
-3e21
-11ab (base 14) to base 10
-3091
-320122 (base 4) to base 8
-7032
-1014 (base 7) to base 8
-542
What is 112004 (base 6) in base 3?
111001011
What is -23a3 (base 12) in base 5?
-112021
What is 1001011010110101 (base 2) in base 7?
220324
What is -14372 (base 9) in base 12?
-57b5
What is -bc6c (base 14) in base 5?
-2021012
87 (base 14) to base 5
434
Convert -11291 (base 10) to base 16.
-2c1b
-12452 (base 8) to base 10
-5418
-888 (base 12) to base 5
-20011
2000000 (base 3) to base 6
10430
What is 10221 (base 4) in base 16?
129
What is 11234 (base 6) in base 8?
3106
Convert -11a25 (base 16) to base 15.
-16604
-10123 (base 5) to base 10
-663
What is 1031 (base 7) in base 15?
195
Convert -111111 (base 2) to base 5.
-223
Convert -3011313 (base 4) to base 12.
-73b3
350 (base 7) to base 14
d0
What is 156323 (base 7) in base 9?
46512
143343 (base 8) to base 2
1100011011100011
What is -35205 (base 8) in base 14?
-5661
What is bb1 (base 15) in base 14?
d69
What is -44c (base 15) in base 9?
-1300
Convert 332 (base 16) to base 11.
684
Convert 2019 (base 15) to base 13.
3111
What is -10111001011101 (base 2) in base 6?
-130541
-1768 (base 9) to base 14
-6d0
What is -10534 (base 8) in base 10?
-4444
What is 2b11 (base 12) in base 5?
130203
What is 105 (base 16) in base 5?
2021
-11c54 (base 13) to base 15
-9b05
-333 (base 11) to base 5
-3044
Convert 601 (base 14) to base 9.
1547
What is -1046 (base 9) in base 11?
-641
Convert -459 (base 12) to base 6.
-2553
12132 (base 4) to base 2
110011110
Convert 3724 (base 13) to base 14.
2bb6
Convert -b4 (base 16) to base 14.
-cc
Conver